by j?
9
Let j = -28 - -82. What is the remainder when 267 is divided by j?
51
Let a(c) = c**2 - 6*c + 12. What is the remainder when 81 is divided by a(8)?
25
Suppose 42 = 5*s + 2*f - f, 60 = 5*s - 5*f. Suppose 2*t - 136 = -2*t. Calculate the remainder when t is divided by s.
7
Suppose 5*n - 18 = -4*a + 1182, -4*a + 5*n = -1200. Let y = a - 207. What is the remainder when y is divided by 19?
17
Suppose 2*j - 18 = -2. Let t be j/28 - (-4)/(-14). Suppose t*w + 30 = 2*w. What is the remainder when w is divided by 8?
7
Let q be (6/(-6))/((-3)/6). What is the remainder when (148/q)/(-1 - -3) is divided by 13?
11
Let u(p) = -p + 3. Let s(i) = -4*i. Let d be s(3). Calculate the remainder when u(d) is divided by 9.
6
Let t = -3 + 2. Suppose 23*g - 75 = 18*g. What is the remainder when g is divided by (t - 16/(-2)) + 1?
7
Suppose -2*h + 4*y = 2*y - 10, 0 = 3*h - 5*y - 5. Calculate the remainder when 18 is divided by h.
8
Let s be (-4)/5*(-15)/6. Calculate the remainder when ((-3)/2)/(s/(-12)) is divided by 6.
3
Suppose 0*c + 4*i - 216 = -4*c, 2*c - 2*i = 124. Let d(w) = -3*w + 3. What is the remainder when c is divided by d(-4)?
13
Let x(q) = -q**2 - 4*q + 6. Let d be x(-11). Let t = d + 112. Suppose -t - 31 = -4*j. What is the remainder when 52 is divided by j?
16
Let t = -37 + 41. Calculate the remainder when 15 is divided by t.
3
Calculate the remainder when 22 is divided by -1*(-3 + 6) + 15.
10
Let t(b) = 3*b - 15. Calculate the remainder when 5 is divided by t(6).
2
Let a(z) be the second derivative of z**4/12 + 19*z**2/2 + z. Let k(n) = -12*n. Calculate the remainder when k(-3) is divided by a(0).
17
Let l be (106 - 1)/(27/18). Let o = l + -25. Let g = -31 + o. Calculate the remainder when 41 is divided by g.
13
Suppose 0 = -2*x + 8, -k + 6*k - 5*x - 30 = 0. Let d(w) = -w**3 + 6*w**2 + 7*w - 3. What is the remainder when d(5) is divided by k?
7
What is the remainder when 56 is divided by 12/(-28) - (-136)/7?
18
Suppose -3*b + 5*o - 167 = -6*b, -5*b = 5*o - 285. Calculate the remainder when b is divided by 15.
14
Let s(w) = -w + 2. Let q = -6 + 10. Suppose -7 = q*f + 5*g, 0 = 4*f + 4*g - 3*g + 27. What is the remainder when 19 is divided by s(f)?
9
Let s = 11 - 8. Let u = 19 - 14. What is the remainder when u is divided by s?
2
Let u(y) = 6*y + 2. Let d be u(2). Let m = 31 - d. What is the remainder when 48 is divided by m?
14
Let b(x) = -2*x - 4. Let m be b(-8). Let l = m + -1. What is the remainder when l is divided by 6?
5
Let p(y) = 3*y**2 + 3*y - 3. Let i be p(-4). Suppose 2*a = -a + i. Calculate the remainder when (-4)/(-2)*(26/4 + 3) is divided by a.
8
Let k = 19 + -1. Suppose 0*d - 3*d = -k. What is the remainder when 23 is divided by 34/3 - d/(-9)?
11
Let u = -9 + 14. Suppose 0 = u*y - 0*y - 75. What is the remainder when 43 is divided by y?
13
Suppose 0 = -0*j - 7*j + 21. Calculate the remainder when 11 is divided by j.
2
Suppose 5*y - 9*y = -144. Calculate the remainder when y is divided by 13.
10
Let l(y) = -y**2 - 15*y - 10. What is the remainder when l(-14) is divided by 1?
0
Let l(h) = h**3 - h + 17. What is the remainder when 62 is divided by l(0)?
11
Let i(q) = q + 13. Let b be i(-10). What is the remainder when 14 is divided by 1*(b + (0 - -1))?
2
Suppose -4*b - b + 2*a = -484, 4*a = b - 104. What is the remainder when b is divided by 14?
12
Suppose 0 = g - 4*g + 66. Suppose -3*u = -u - g. Calculate the remainder when 21 is divided by u.
10
Suppose 2*y = u + 90, 13 + 7 = 5*u. What is the remainder when y is divided by 26?
21
Let p(b) be the third derivative of 0 + 1/60*b**5 + 0*b**3 + 1/24*b**4 - 2*b**2 + 0*b. What is the remainder when p(-5) is divided by 7?
6
Suppose 0*n - n + 2*g = -3, -5*n = 3*g - 28. Let h = 9 - n. What is the remainder when 6 is divided by h?
2
Suppose 2*s - 2*j = -6*j + 18, 5*s - 2*j = 105. What is the remainder when 75 is divided by s?
18
Calculate the remainder when (318/9)/((-6)/(-9)) is divided by 14.
11
Let a(s) = s**3 - 6*s**2 + 6*s + 1. Let c be a(5). Suppose -r + 21 = c. Let o = 37 + -8. Calculate the remainder when o is divided by r.
14
Suppose -t - 2*a + 48 = t, 0 = -2*t + 2*a + 48. Calculate the remainder when 167 is divided by t.
23
Calculate the remainder when 5*13*8/10 is divided by 14.
10
Suppose 2*u = 3*n + 70, -u = -3*n - 0*n - 41. Calculate the remainder when 55 is divided by u.
26
Let h(g) = g - 2. Suppose -5*j + 30 = -6*m + 3*m, 0 = -4*j - m + 41. Calculate the remainder when j is divided by h(5).
0
Let g = 52 - 37. Calculate the remainder when 28 is divided by g.
13
Let q(h) = 4*h**3 + 2*h**2 - 2*h. Let a be q(2). Calculate the remainder when 2636/a + (-6)/27 is divided by 19.
16
Suppose 0*p + p - 57 = 0. Let x = p - 38. What is the remainder when 56 is divided by x?
18
Suppose 0 = -3*q + q + 30. What is the remainder when 27 is divided by q?
12
Let z = -6 + 41. What is the remainder when z is divided by 9?
8
What is the remainder when -12 + 54 + (1 - 1) is divided by 9?
6
Let d = 4 - -11. Calculate the remainder when d is divided by 6.
3
Let j(d) = -2*d + 6. Let f be j(-10). Suppose f = k + 9. Let u = 106 + -58. Calculate the remainder when u is divided by k.
14
Let n(a) = 3*a**2 + 3*a + 11. Let l be n(5). Let z = l + -27. Calculate the remainder when z is divided by 19.
17
Let n(t) = -22*t**3 - t**2 + t + 1. What is the remainder when n(-1) is divided by 11?
10
Let h be -1 + (-406 - (-3)/(-1)). Let r = -3 + 11. Calculate the remainder when h/(-14) + 2/(-7) is divided by r.
5
Suppose 4*h - 6 = 26. Calculate the remainder when 22 is divided by h.
6
Let q(c) = c**3 - 2*c**2 + 2*c - 3. Let i be q(2). What is the remainder when -1*4*31/(-4) is divided by ((-1)/i)/(1/(-11))?
9
Let y be ((-18)/(-3))/(1/(-1)). Let s(u) = -3*u + 4. Let k(a) = a**2 + 4*a. Calculate the remainder when s(y) is divided by k(-6).
10
Let y = 106 + -97. Suppose -247 = -5*f - 72. Calculate the remainder when f is divided by y.
8
Let f = -15 + 21. Suppose y - 7*u = -3*u, -2*y + 3*u + 5 = 0. Calculate the remainder when f is divided by y.
2
What is the remainder when (-5475)/(-30)*(-2 - 14/(-5)) is divided by 37?
35
Calculate the remainder when (-15)/2*(-102)/85 is divided by 4.
1
Let q = 21 + -13. Suppose -22 = -2*x + 32. Let o = x + -5. What is the remainder when o is divided by q?
6
Suppose 0 = 4*x - 8, s + 0*x = 5*x - 1. Suppose -20 = 7*m - s*m. Calculate the remainder when 16 is divided by m.
6
Suppose 9*u = 6*u + 12. Suppose -3*f - 9 = -4*q - 151, -2*f + u*q + 100 = 0. What is the remainder when f is divided by 11?
9
Let w = 8 + -5. Let q = w + 1. Let k = q - -2. What is the remainder when 10 is divided by k?
4
Suppose -54 = -2*g - g. Calculate the remainder when 70 is divided by g.
16
Let q = 139 + -117. What is the remainder when q is divided by 5?
2
Let p = 48 + -27. What is the remainder when p is divided by 6?
3
Let x(w) = -31*w - 161. Suppose 2*q - 7*h - 48 = -2*h, -4*h = 4*q - 40. What is the remainder when x(-6) is divided by q?
11
Suppose -4*f + 4 = -0*f. Let s(n) = -n**3 + 12*n**2 - 13*n + 13. Let h be s(11). Let c = -7 - h. Calculate the remainder when c is divided by f.
0
Suppose 3*o + 0*o + 42 = 3*z, 0 = -3*o - 15. Calculate the remainder when 34 is divided by z.
7
Let s be (1 + (-15)/6)*6. Let i(v) = -v**2 - 11*v - 13. Calculate the remainder when 12 is divided by i(s).
2
Suppose -5*x + 74 + 96 = 0. Let s = -21 + x. Suppose 0 = 3*a - 5*b - 136, -22 = 4*b - 2. Calculate the remainder when a is divided by s.
11
Let w be (-534)/(-9) - (-2)/3. Suppose 0 = 5*k - w - 160. Let f = 2 - -13. What is the remainder when k is divided by f?
14
Suppose 4*d = 40 - 0. Calculate the remainder when (78/(-4))/((-2)/4) is divided by d.
9
Let s = -1 - 5. What is the remainder when s/2*48/(-9) is divided by (-22)/(-4) + 1/2?
4
Let h = 8 - -4. Suppose -3*g + 4 = -17. Let i(v) = v**2 - 2*v + 10. Calculate the remainder when i(g) is divided by h.
9
Suppose 2*j = 3*j - 7. Suppose 4*z = -z - 235. Let m = z - -66. What is the remainder when m is divided by j?
5
Let g = 127 - 91. What is the remainder when g is divided by 13?
10
Suppose 2*r + 19 = d, -2*d + 13 = -3*r - 27. Calculate the remainder when 66 is divided by d.
20
Let j be 1 + (36*4)/(-2). Let b = j + 139. Suppose -2*i + 2*y + b = 12, 4*y - 49 = -3*i. What is the